{"id":42,"date":"2014-07-29T14:58:22","date_gmt":"2014-07-29T13:58:22","guid":{"rendered":"https:\/\/www.entoutecomplicite.fr\/?page_id=42"},"modified":"2014-10-20T10:31:49","modified_gmt":"2014-10-20T09:31:49","slug":"temoignages","status":"publish","type":"page","link":"https:\/\/www.entoutecomplicite.fr\/?page_id=42","title":{"rendered":"T\u00e9moignages"},"content":{"rendered":"<h1>T\u00e9moignages<\/h1>\n<blockquote><p>Un grand merci Emilie d&rsquo;avoir su capturer tous les moments de notre mariage, tout en sachant rester discr\u00e8te, et de fa\u00e7on si naturelle.<br \/>\nVisionner les photos prises ce jour l\u00e0 nous a permis de revivre chaque instant, avec beaucoup d&rsquo;\u00e9motion.<br \/>\nSans parler de la confection des faires-parts, \u00e0 notre image, exactement comme nous les imaginions, et des cartons de remerciement,<br \/>\nqui ont beaucoup plu \u00e0 toute la famille!<br \/>\nNous avons beaucoup aim\u00e9 votre fa\u00e7on de travailler&#8230; Encore merci pour tout!<br \/>\n<strong>Emeline et Pierre<\/strong><\/p><\/blockquote>\n<blockquote><p>Emilie, Nous voulions te remercier chaleureusement pour ton accompagnement lors de notre mariage.<br \/>\nHormis les souvenirs, ce sont tes belles photos qui resteront le reflet de cette belle journ\u00e9e !<br \/>\nNous avons beaucoup appr\u00e9ci\u00e9 ta simplicit\u00e9 et ta gentillesse. Nous avons eu raison de te faire confiance !<br \/>\nMerci pour tout !<br \/>\n<strong> C\u00e9cile et Maximilien<\/strong><\/p><\/blockquote>\n<blockquote><p>Super contact avec les enfants ! Ils s&rsquo;amusent et se sentent en confiance !<br \/>\nLes photos n&rsquo;en sont que plus belles!<br \/>\n<strong> Marion et Franck<\/strong><\/p><\/blockquote>\n<blockquote><p>Pour la cr\u00e9ation de nos faire-parts, Emilie a \u00e9t\u00e9 tr\u00e8s \u00e0 l&rsquo;\u00e9coute, a propos\u00e9 plusieurs projets qui correspondaient \u00e0 notre personnalit\u00e9.<br \/>\nNous sommes tr\u00e8s satisfaits de ses conseils et de la qualit\u00e9 de ses faire parts.<br \/>\n<strong> Sophie et Quentin<\/strong><\/p><\/blockquote>\n<blockquote><p>Emilie Verplancke correspond \u00e0 la devise qu&rsquo;elle a choisi \u00a0\u00bb En toute complicit\u00e9\u00a0\u00bb .<br \/>\nD\u00e8s le premier contact, nous avons sympathis\u00e9 et le jour de la c\u00e9r\u00e9monie , elle s&rsquo;est int\u00e9gr\u00e9e \u00e0 la famille et aux invit\u00e9s .<br \/>\nElle a su utiliser artistiquement les lieux de ce tr\u00e8s beau jour .<br \/>\n<strong> Maman de Nad\u00e8ge, la mari\u00e9e<\/strong><\/p><\/blockquote>\n<blockquote><p>Chaque ann\u00e9e depuis 4 ans maintenant, nous prenons plaisir \u00e0 nous mettre en sc\u00e8ne avec les enfants devant son objectif et les photos sont toujours magnifiques, vivantes avec des couleurs superbes.<br \/>\nA l&rsquo;an prochain pour une nouvelle s\u00e9ance !<br \/>\n<strong> St\u00e9phane et Marianne<\/strong><\/p><\/blockquote>\n<blockquote><p>Lors de ce 28 Juin \u00e0 l&rsquo;occasion de notre mariage, pendant cette journ\u00e9e et apr\u00e8s avoir visisonn\u00e9 les photos, nous avons pu constater qu&rsquo;Emilie \u00e9tait vraiment pr\u00e9sente et a r\u00e9ellement compris ce que nous attendions d&rsquo;elle.<br \/>\nElle se donne \u00e0 fond dans sa passion. Elle est pr\u00e9sente et r\u00e9active \u00e0 toute demande ou besoin d&rsquo;informations.<br \/>\nC&rsquo;est donc avec plaisir que nous retra\u00e7ons les moments uniques de cette journ\u00e9e par le biais de son travail.<br \/>\n<strong> Corinne et Miguel<\/strong><\/p><\/blockquote>\n<blockquote><p>Un grand merci pour votre gentillesse le jour de notre mariage et pour votre professionnalisme !<br \/>\n<strong> Davy et Isabelle<\/strong><\/p><\/blockquote>\n<blockquote><p>Merci pour votre rapidit\u00e9! Les photos de notre petite Lou sont magnifiques et le faire-part idem&#8230;<br \/>\nNous ne manquerons pas de parler de vous autour de nous<br \/>\n<strong> Katerine et sylvain<\/strong><\/p><\/blockquote>\n<blockquote><p>Un tr\u00e8s bon moment \u00e0 domicile pour les 6 jours de notre Andrew.<br \/>\nUn faire part magnifique qui a fait la joie de tout le monde.<br \/>\nUne photographe professionnelle, que du bonheur!!!<br \/>\n<strong>C\u00e9cile<\/strong><\/p><\/blockquote>\n<blockquote><p>Un grand merci pour avoir r\u00e9alis\u00e9 les photos et le magnifique faire part de notre fils \u00e0 sa naissance.<br \/>\nBeau travail, merci pour votre gentillesse et votre professionnalisme.<br \/>\n<strong> Katerine et sylvain<\/strong><\/p><\/blockquote>\n<blockquote><p>Tout a commenc\u00e9 par des photos lors de la naissance de notre premier enfant.<br \/>\nDepuis nous ne vous quittons plus! Superbe reportage pour notre mariage et pour la naissance de notre fille.<br \/>\nVous \u00eates devenue la photographe officielle de la famille !<br \/>\nA tr\u00e8s bient\u00f4t pour la suite !<br \/>\n<strong> Myriam et Benoit<\/strong><\/p><\/blockquote>\n<blockquote><p>Nous n&rsquo;\u00e9tions pas tr\u00e8s \u00e0 l&rsquo;aise \u00e0 l&rsquo;id\u00e9e de poser devant un objectif le jour de notre mariage.<br \/>\nNous avons d&rsquo;abord fait connaissance avec Emilie lors d&rsquo;une s\u00e9ance \u00e0 domicile pour r\u00e9aliser des photos pour nos faire-parts.<br \/>\nElle nous a tout de suite mis \u00e0 l&rsquo;aise. Nous avons pass\u00e9 un super moment et cela nous a vraiment mis en confiance pour le jour J.<br \/>\nComme pour la s\u00e9ance, ce jour l\u00e0, Emilie nous a conseill\u00e9s, \u00e9cout\u00e9s et nous avons compl\u00e8tement oubli\u00e9 que nous \u00e9tions pris en photo !<br \/>\nNous gardons un super souvenir de sa prestation. Elle est discr\u00e8te tout en \u00e9tant pr\u00e9sente! Bravo et encore merci !<br \/>\n<strong> Michel et Sabrina<\/strong><\/p><\/blockquote>\n<blockquote><p>Merci encore pour votre travail car malgr\u00e8 le mauvais temps le jour de notre mariage, les photos sont magnifiques!<br \/>\n<strong>Audrey<\/strong><\/p><\/blockquote>\n<blockquote><p>Nous vous avions choisie pour votre originalit\u00e9 et l&rsquo;\u00e9motion de vos photos.<br \/>\nVotre style r\u00e9pondait tout \u00e0 fait \u00e0 ce que nous recherchions&#8230;<br \/>\nMais nous \u00e9tions loin d&rsquo;imaginer que le r\u00e9sultat serait si beau.<br \/>\nVos photos sont magnifiques! Gr\u00e2ce \u00e0 vous nous pourrons revivre notre journ\u00e9e de mariage<br \/>\n\u00e0 travers elles. Encore merci !<br \/>\n<strong> Aude et Julien<\/strong><\/p><\/blockquote>\n<blockquote><p>Beau travail! Nous avons eu beaucoup de retours positifs sur votre prestation.<br \/>\nTout le monde vous a trouv\u00e9e tr\u00e8s discr\u00e8te, \u00e0 l&rsquo;\u00e9coute et tr\u00e8s disponible toute la journ\u00e9e.<br \/>\nNous sommes r\u00e2vis du r\u00e9sultat.<br \/>\nA bient\u00f4t pour une s\u00e9ance b\u00e9b\u00e9 peut-\u00eatre !<br \/>\n<strong> Mathilde et Sylvain<\/strong><\/p><\/blockquote>\n<blockquote><p>Nous sommes tr\u00e8s contents des photos que vous avez prises avec notre fils.<br \/>\nQuel dommage que vous ne soyez plus disponible pour notre mariage&#8230;<br \/>\n<strong> Aur\u00e9lie et J\u00e9r\u00f4me<\/strong><\/p><\/blockquote>\n<blockquote><p>Encore un grand merci pour les faire-parts!<br \/>\nC&rsquo;est exactement ce que nous voulions&#8230;<br \/>\n<strong> Sophie et Benoit<\/strong><\/p><\/blockquote>\n","protected":false},"excerpt":{"rendered":"<p>T\u00e9moignages Un grand merci Emilie d&rsquo;avoir su capturer tous les moments de notre mariage, tout en sachant rester discr\u00e8te, et de fa\u00e7on si naturelle. Visionner les photos prises ce jour l\u00e0 nous a permis de revivre chaque instant, avec beaucoup d&rsquo;\u00e9motion. Sans parler de la confection des faires-parts, \u00e0 notre image, exactement comme nous les [&hellip;]<\/p>\n","protected":false},"author":1,"featured_media":0,"parent":0,"menu_order":0,"comment_status":"closed","ping_status":"closed","template":"","meta":[],"_links":{"self":[{"href":"https:\/\/www.entoutecomplicite.fr\/index.php?rest_route=\/wp\/v2\/pages\/42"}],"collection":[{"href":"https:\/\/www.entoutecomplicite.fr\/index.php?rest_route=\/wp\/v2\/pages"}],"about":[{"href":"https:\/\/www.entoutecomplicite.fr\/index.php?rest_route=\/wp\/v2\/types\/page"}],"author":[{"embeddable":true,"href":"https:\/\/www.entoutecomplicite.fr\/index.php?rest_route=\/wp\/v2\/users\/1"}],"replies":[{"embeddable":true,"href":"https:\/\/www.entoutecomplicite.fr\/index.php?rest_route=%2Fwp%2Fv2%2Fcomments&post=42"}],"version-history":[{"count":13,"href":"https:\/\/www.entoutecomplicite.fr\/index.php?rest_route=\/wp\/v2\/pages\/42\/revisions"}],"predecessor-version":[{"id":991,"href":"https:\/\/www.entoutecomplicite.fr\/index.php?rest_route=\/wp\/v2\/pages\/42\/revisions\/991"}],"wp:attachment":[{"href":"https:\/\/www.entoutecomplicite.fr\/index.php?rest_route=%2Fwp%2Fv2%2Fmedia&parent=42"}],"curies":[{"name":"wp","href":"https:\/\/api.w.org\/{rel}","templated":true}]}}