{"id":44,"date":"2014-07-29T14:58:32","date_gmt":"2014-07-29T13:58:32","guid":{"rendered":"https:\/\/www.entoutecomplicite.fr\/?page_id=44"},"modified":"2014-10-27T10:32:44","modified_gmt":"2014-10-27T09:32:44","slug":"contact","status":"publish","type":"page","link":"https:\/\/www.entoutecomplicite.fr\/?page_id=44","title":{"rendered":"Contact"},"content":{"rendered":"<div class=\"contact\">\n<div class=\"clear\">\n<div class=\"demi full-tab\">\n<div class=\"contact-descr\">\n<p><img class=\"alignnone wp-image-575 size-full\" src=\"https:\/\/www.entoutecomplicite.fr\/wp-content\/uploads\/2014\/07\/contact.jpg\" alt=\"\" width=\"100%\" srcset=\"https:\/\/www.entoutecomplicite.fr\/wp-content\/uploads\/2014\/07\/contact.jpg 439w, https:\/\/www.entoutecomplicite.fr\/wp-content\/uploads\/2014\/07\/contact-300x200.jpg 300w\" sizes=\"(max-width: 439px) 100vw, 439px\" \/><\/p>\n<p>En 2007 l&rsquo;aventure commence&#8230; Je cr\u00e9e En toute complicit\u00e9 apr\u00e8s plusieurs ann\u00e9es pass\u00e9es dans le milieu de la mode. La photo ma passion est devenue mon m\u00e9tier.En toute complicit\u00e9 est arriv\u00e9e comme une \u00e9vidence.<\/p>\n<p>Cela disait tout&#8230; Etre avec vous dans vos plus beaux moments de vie avec complicit\u00e9, sinc\u00e9rit\u00e9, discr\u00e9tion et professionnalisme.<\/p>\n<p>Chaque mariage, naissance, \u00e9v\u00e8nement est unique et chaque reportage que je r\u00e9alise pour vous l&rsquo;est \u00e9galement.<\/p>\n<p>Je vis avec vous ces moments o\u00f9 je capte l&rsquo;invisible, l&rsquo;\u00e9motion, les souvenirs&#8230;<\/p>\n<p>Et c&rsquo;est avec plaisir que je vous retrouve quelques mois ou quelques ann\u00e9es plus tard pour partager un nouvel \u00e9v\u00e8nement de votre vie.<\/p>\n<footer style=\"font: 30px 'Jenkins',Helvetica,sans-serif; text-align: right; color: #b27a7a;\">Emilie Verplancke<\/footer>\n<\/div>\n<\/div>\n<div class=\"demi full-tab\">\n<h1>\u00c0 votre \u00e9coute<\/h1>\n<p>Je suis disponible uniquement sur rendez-vous.<br \/>\n<div role=\"form\" class=\"wpcf7\" id=\"wpcf7-f367-o1\" lang=\"fr-FR\" dir=\"ltr\">\n<div class=\"screen-reader-response\"><p role=\"status\" aria-live=\"polite\" aria-atomic=\"true\"><\/p> <ul><\/ul><\/div>\n<form action=\"\/index.php?rest_route=%2Fwp%2Fv2%2Fpages%2F44#wpcf7-f367-o1\" method=\"post\" class=\"wpcf7-form init\" novalidate=\"novalidate\" data-status=\"init\">\n<div style=\"display: none;\">\n<input type=\"hidden\" name=\"_wpcf7\" value=\"367\" \/>\n<input type=\"hidden\" name=\"_wpcf7_version\" value=\"5.4.2\" \/>\n<input type=\"hidden\" name=\"_wpcf7_locale\" value=\"fr_FR\" \/>\n<input type=\"hidden\" name=\"_wpcf7_unit_tag\" value=\"wpcf7-f367-o1\" \/>\n<input type=\"hidden\" name=\"_wpcf7_container_post\" value=\"0\" \/>\n<input type=\"hidden\" name=\"_wpcf7_posted_data_hash\" value=\"\" \/>\n<input type=\"hidden\" name=\"_wpcf7_recaptcha_response\" value=\"\" \/>\n<\/div>\n<p><span class=\"wpcf7-form-control-wrap your-name\"><input type=\"text\" name=\"your-name\" value=\"\" size=\"40\" class=\"wpcf7-form-control wpcf7-text wpcf7-validates-as-required\" aria-required=\"true\" aria-invalid=\"false\" placeholder=\"Nom*\" \/><\/span><\/p>\n<p><span class=\"wpcf7-form-control-wrap prenom\"><input type=\"text\" name=\"prenom\" value=\"\" size=\"40\" class=\"wpcf7-form-control wpcf7-text wpcf7-validates-as-required\" aria-required=\"true\" aria-invalid=\"false\" placeholder=\"Pr\u00e9nom*\" \/><\/span><\/p>\n<p><span class=\"wpcf7-form-control-wrap tel\"><input type=\"text\" name=\"tel\" value=\"\" size=\"40\" class=\"wpcf7-form-control wpcf7-text\" aria-invalid=\"false\" placeholder=\"T\u00e9l\u00e9phone\" \/><\/span><\/p>\n<p><span class=\"wpcf7-form-control-wrap your-email\"><input type=\"email\" name=\"your-email\" value=\"\" size=\"40\" class=\"wpcf7-form-control wpcf7-text wpcf7-email wpcf7-validates-as-required wpcf7-validates-as-email\" aria-required=\"true\" aria-invalid=\"false\" placeholder=\"Email*\" \/><\/span><\/p>\n<p><span class=\"wpcf7-form-control-wrap date\"><input type=\"text\" name=\"date\" value=\"\" size=\"40\" class=\"wpcf7-form-control wpcf7-text\" aria-invalid=\"false\" placeholder=\"Date du projet\" \/><\/span><\/p>\n<p><span class=\"wpcf7-form-control-wrap lieu\"><input type=\"text\" name=\"lieu\" value=\"\" size=\"40\" class=\"wpcf7-form-control wpcf7-text wpcf7-validates-as-required\" aria-required=\"true\" aria-invalid=\"false\" placeholder=\"Lieu d\u2019ex\u00e9cution*\" \/><\/span><\/p>\n<p><span class=\"wpcf7-form-control-wrap complement\"><textarea name=\"complement\" cols=\"40\" rows=\"10\" class=\"wpcf7-form-control wpcf7-textarea\" aria-invalid=\"false\" placeholder=\"Compl\u00e9ment d\u2019information\"><\/textarea><\/span><\/p>\n<p><span class=\"wpcf7-form-control-wrap provenance\"><input type=\"text\" name=\"provenance\" value=\"\" size=\"40\" class=\"wpcf7-form-control wpcf7-text\" aria-invalid=\"false\" placeholder=\"Comment m&#039;avez-vous connue ?\" \/><\/span><\/p>\n<p class=\"demi\"><span class=\"text-required\">* Champs obligatoires<\/span><\/p>\n<p class=\"demi\"><span class=\"bouton\"><input type=\"submit\" value=\"Envoyer\" class=\"wpcf7-form-control wpcf7-submit\" \/><\/span><\/p>\n<div class=\"wpcf7-response-output\" aria-hidden=\"true\"><\/div><\/form><\/div>\n<\/div>\n<\/div>\n<\/div>\n","protected":false},"excerpt":{"rendered":"<p>En 2007 l&rsquo;aventure commence&#8230; Je cr\u00e9e En toute complicit\u00e9 apr\u00e8s plusieurs ann\u00e9es pass\u00e9es dans le milieu de la mode. La photo ma passion est devenue mon m\u00e9tier.En toute complicit\u00e9 est arriv\u00e9e comme une \u00e9vidence. Cela disait tout&#8230; Etre avec vous dans vos plus beaux moments de vie avec complicit\u00e9, sinc\u00e9rit\u00e9, discr\u00e9tion et professionnalisme. Chaque mariage, [&hellip;]<\/p>\n","protected":false},"author":1,"featured_media":0,"parent":0,"menu_order":0,"comment_status":"closed","ping_status":"closed","template":"","meta":[],"_links":{"self":[{"href":"https:\/\/www.entoutecomplicite.fr\/index.php?rest_route=\/wp\/v2\/pages\/44"}],"collection":[{"href":"https:\/\/www.entoutecomplicite.fr\/index.php?rest_route=\/wp\/v2\/pages"}],"about":[{"href":"https:\/\/www.entoutecomplicite.fr\/index.php?rest_route=\/wp\/v2\/types\/page"}],"author":[{"embeddable":true,"href":"https:\/\/www.entoutecomplicite.fr\/index.php?rest_route=\/wp\/v2\/users\/1"}],"replies":[{"embeddable":true,"href":"https:\/\/www.entoutecomplicite.fr\/index.php?rest_route=%2Fwp%2Fv2%2Fcomments&post=44"}],"version-history":[{"count":40,"href":"https:\/\/www.entoutecomplicite.fr\/index.php?rest_route=\/wp\/v2\/pages\/44\/revisions"}],"predecessor-version":[{"id":864,"href":"https:\/\/www.entoutecomplicite.fr\/index.php?rest_route=\/wp\/v2\/pages\/44\/revisions\/864"}],"wp:attachment":[{"href":"https:\/\/www.entoutecomplicite.fr\/index.php?rest_route=%2Fwp%2Fv2%2Fmedia&parent=44"}],"curies":[{"name":"wp","href":"https:\/\/api.w.org\/{rel}","templated":true}]}}