{"id":473,"date":"2014-09-21T11:48:06","date_gmt":"2014-09-21T10:48:06","guid":{"rendered":"https:\/\/www.entoutecomplicite.fr\/?page_id=473"},"modified":"2014-10-27T10:44:39","modified_gmt":"2014-10-27T09:44:39","slug":"autres-prestations","status":"publish","type":"page","link":"https:\/\/www.entoutecomplicite.fr\/?page_id=473","title":{"rendered":"Autres prestations"},"content":{"rendered":"<div class=\"prestation\">\n<div>\n<h1>Autres Prestations<\/h1>\n<div class=\"demi full-tab\">\n<p><strong>La s\u00e9ance en semaine\u00a0 \u00ab Trash the dress \u00bb<\/strong><\/p>\n<ul>\n<li>Laissez vous aller pour un moment de folie, de partage et de rire !<\/li>\n<li>S\u00e9ance photo r\u00e9alis\u00e9e en ville, \u00e0 la plage ou dans un lieu insolite&#8230;<\/li>\n<li>C\u2019est vous qui choisissez !<\/li>\n<li>Dur\u00e9e 2h00 ou plus<\/li>\n<\/ul>\n<p><strong>La s\u00e9ance\u00a0 \u00ab Engagements \u00bb<\/strong><\/p>\n<ul>\n<li>Pour faire connaissance ou pour r\u00e9aliser des clich\u00e9s pour vos faire-parts de mariage.<\/li>\n<\/ul>\n<p><strong>La c\u00e9r\u00e9monie civile un Vendredi<\/strong><\/p>\n<ul>\n<li>c\u00e9r\u00e9monie seule<\/li>\n<li>ou c\u00e9r\u00e9monie civile + cocktail<\/li>\n<\/ul>\n<\/div>\n<div class=\"demi full-tab support\">\n<p><strong>Supports inclus avec la prestation<\/strong><\/p>\n<ul>\n<li>DVD de tous les clich\u00e9s en HD libre de droit<\/li>\n<li>Nombre de Tirages en fonction de la s\u00e9ance choisie<\/li>\n<li>Photos en miniature \/ planches contact<\/li>\n<li>Frais de d\u00e9placement inclus sur 60km autour de Lille<\/li>\n<li>Vos photos sur un site priv\u00e9 avec acc\u00e8s par mot de passe (sur demande)<\/li>\n<\/ul>\n<p><strong>Options<\/strong><\/p>\n<ul>\n<li>Livre photo<\/li>\n<li>Pack tirages<\/li>\n<\/ul>\n<\/div>\n<div class=\"full footer\">\n<div><img loading=\"lazy\" class=\"alignnone wp-image-483 size-full\" src=\"https:\/\/www.entoutecomplicite.fr\/wp-content\/uploads\/2014\/09\/MARIAGE-AUTRES-PRESTATIONS.jpg\" alt=\"\" width=\"327\" height=\"217\" srcset=\"https:\/\/www.entoutecomplicite.fr\/wp-content\/uploads\/2014\/09\/MARIAGE-AUTRES-PRESTATIONS.jpg 327w, https:\/\/www.entoutecomplicite.fr\/wp-content\/uploads\/2014\/09\/MARIAGE-AUTRES-PRESTATIONS-300x199.jpg 300w\" sizes=\"(max-width: 327px) 100vw, 327px\" \/><\/div>\n<div><a title=\"Contact\" href=\"https:\/\/www.entoutecomplicite.fr\/?page_id=44\"><img loading=\"lazy\" class=\"alignnone wp-image-453 size-full\" src=\"https:\/\/www.entoutecomplicite.fr\/wp-content\/uploads\/2014\/09\/prestation_contact.jpg\" alt=\"\" width=\"237\" height=\"217\" \/><\/a><\/div>\n<div><span class=\"su-lightbox\" data-mfp-src=\"#video-mariage\" data-mfp-type=\"inline\" data-mobile=\"yes\"><img loading=\"lazy\" class=\"alignnone wp-image-798 size-full\" src=\"https:\/\/www.entoutecomplicite.fr\/wp-content\/uploads\/2014\/09\/video_mariage.jpg\" alt=\"\" width=\"327\" height=\"217\" srcset=\"https:\/\/www.entoutecomplicite.fr\/wp-content\/uploads\/2014\/09\/video_mariage.jpg 327w, https:\/\/www.entoutecomplicite.fr\/wp-content\/uploads\/2014\/09\/video_mariage-300x199.jpg 300w\" sizes=\"(max-width: 327px) 100vw, 327px\" \/><\/span><\/div>\n<\/div>\n<\/div>\n<\/div>\n<div class=\"autres\">\n<h2>Les autres forfaits :<\/h2>\n<ul>\n<li>\n<div>\n<h3>Forfait<br \/>\nJourn\u00e9e<\/h3>\n<p><a title=\"Forfait journ\u00e9e\" href=\"https:\/\/www.entoutecomplicite.fr\/?page_id=469\"><span style=\"display: block;\">D\u00e9couvrir<\/span><\/a><\/p>\n<\/div>\n<\/li>\n<li>\n<div>\n<h3>Forfait Journ\u00e9e <br \/>avec Soir\u00e9e<\/h3>\n<p><a title=\"Forfait journ\u00e9e avec soir\u00e9e\" href=\"https:\/\/www.entoutecomplicite.fr\/?page_id=471\"><span style=\"display: block;\">D\u00e9couvrir<\/span><\/a><\/p>\n<\/div>\n<\/li>\n<li>\n<div>\n<h3>Forfait<br \/>\n\u00e0 la Carte<\/h3>\n<p><a title=\"Forfait journ\u00e9e\" href=\"https:\/\/www.entoutecomplicite.fr\/?page_id=430\"><span style=\"display: block;\">D\u00e9couvrir<\/span><\/a><\/p>\n<\/div>\n<\/li>\n<\/ul>\n<\/div>\n","protected":false},"excerpt":{"rendered":"<p>Autres Prestations La s\u00e9ance en semaine\u00a0 \u00ab Trash the dress \u00bb Laissez vous aller pour un moment de folie, de partage et de rire ! S\u00e9ance photo r\u00e9alis\u00e9e en ville, \u00e0 la plage ou dans un lieu insolite&#8230; C\u2019est vous qui choisissez ! Dur\u00e9e 2h00 ou plus La s\u00e9ance\u00a0 \u00ab Engagements \u00bb Pour faire connaissance [&hellip;]<\/p>\n","protected":false},"author":1,"featured_media":0,"parent":75,"menu_order":0,"comment_status":"closed","ping_status":"closed","template":"","meta":[],"_links":{"self":[{"href":"https:\/\/www.entoutecomplicite.fr\/index.php?rest_route=\/wp\/v2\/pages\/473"}],"collection":[{"href":"https:\/\/www.entoutecomplicite.fr\/index.php?rest_route=\/wp\/v2\/pages"}],"about":[{"href":"https:\/\/www.entoutecomplicite.fr\/index.php?rest_route=\/wp\/v2\/types\/page"}],"author":[{"embeddable":true,"href":"https:\/\/www.entoutecomplicite.fr\/index.php?rest_route=\/wp\/v2\/users\/1"}],"replies":[{"embeddable":true,"href":"https:\/\/www.entoutecomplicite.fr\/index.php?rest_route=%2Fwp%2Fv2%2Fcomments&post=473"}],"version-history":[{"count":12,"href":"https:\/\/www.entoutecomplicite.fr\/index.php?rest_route=\/wp\/v2\/pages\/473\/revisions"}],"predecessor-version":[{"id":869,"href":"https:\/\/www.entoutecomplicite.fr\/index.php?rest_route=\/wp\/v2\/pages\/473\/revisions\/869"}],"up":[{"embeddable":true,"href":"https:\/\/www.entoutecomplicite.fr\/index.php?rest_route=\/wp\/v2\/pages\/75"}],"wp:attachment":[{"href":"https:\/\/www.entoutecomplicite.fr\/index.php?rest_route=%2Fwp%2Fv2%2Fmedia&parent=473"}],"curies":[{"name":"wp","href":"https:\/\/api.w.org\/{rel}","templated":true}]}}