{"id":56,"date":"2014-07-29T15:49:04","date_gmt":"2014-07-29T14:49:04","guid":{"rendered":"https:\/\/www.entoutecomplicite.fr\/?page_id=56"},"modified":"2018-05-24T11:11:58","modified_gmt":"2018-05-24T10:11:58","slug":"conditions-generales-dutilisation","status":"publish","type":"page","link":"https:\/\/www.entoutecomplicite.fr\/?page_id=56","title":{"rendered":"Conditions g\u00e9n\u00e9rales d&rsquo;utilisation"},"content":{"rendered":"<h1>Conditions g\u00e9n\u00e9rales d&rsquo;utilisation<\/h1>\n<p>L\u2019acc\u00e8s au site ainsi que l\u2019utilisation de son contenu sont soumis aux conditions d\u2019utilisation d\u00e9crites ci-apr\u00e8s :<br \/>\nLe fait d\u2019acc\u00e9der et de naviguer sur le Site constitue de la part du visiteur une acceptation sans r\u00e9serve<br \/>\ndes stipulations suivantes :<\/p>\n<p>Le Site est la propri\u00e9t\u00e9 exclusive de l\u2019entreprise En toute complicit\u00e9 . Emilie Verplancke, seule habilit\u00e9e \u00e0 utiliser<br \/>\net exploiter les droits de propri\u00e9t\u00e9 intellectuelle et droits de la personnalit\u00e9 attach\u00e9s \u00e0 ce site, notamment la marque,<br \/>\nles dessins, les photographies et peintures, les droits d\u2019auteur et droit \u00e0 l\u2019image, \u00e0 titre originaire , par autorisation<br \/>\nsp\u00e9cifique, par brevet et tout droit de propri\u00e9t\u00e9 intellectuelle.<\/p>\n<p>L\u2019usage de tout ou partie du Site, notamment par t\u00e9l\u00e9chargement, reproduction, transmission ou repr\u00e9sentation \u00e0<br \/>\ndes fins personnelles ou commerciales sont strictement interdites.<\/p>\n<p>Emilie Verplancke se r\u00e9serve le droit de corriger \u00e0 tout moment et sans pr\u00e9avis le contenu du Site.<br \/>\nDans les conditions autoris\u00e9es par la loi, Emilie Verplancke n\u2019encourt aucune responsabilit\u00e9 :<br \/>\n-Pour toute impr\u00e9cision, inexactitude, omission, ou pour tout autre dommage r\u00e9sultant d\u2019une intrusion d\u2019un tiers<br \/>\nayant entrain\u00e9 une modification des informations mises \u00e0 disposition sur le site.<br \/>\n-En cas de dommages provoqu\u00e9s \u00e0 raison de l\u2019acc\u00e8s d\u2019un tiers non autoris\u00e9 sur le Site ou rendant impossible son acc\u00e8s.<\/p>\n<p>Le visiteur est susceptible de fournir des donn\u00e9es \u00e0 caract\u00e8re personnel. Le visiteur est inform\u00e9 que la fourniture de<br \/>\nces informations nominatives est facultative et permet seulement \u00e0 Emilie Verplancke de leur adresser, s\u2019ils en font<br \/>\nla demande, des informations concernant les prestations et produits de l\u2019entreprise En toute complicit\u00e9.<\/p>\n<p>Conform\u00e9ment \u00e0 la loi informatique et libert\u00e9 n\u00b078-17 du 6 janvier 1978 modifi\u00e9e par la loi n\u00b02017-55 du 20 Janvier 2017, chaque visiteur<br \/>\npeut acc\u00e9der aux informations nominatives le concernant et les faire rectifier ou supprimer, le cas \u00e9ch\u00e9ant.<br \/>\nPour exercer son droit d\u2019opposition, de rectification, de correction ou de suppression, le visiteur est invit\u00e9 \u00e0 s\u2019adresser \u00e0 :<br \/>\ninfo@entoutecomplicite.fr<\/p>\n<p>En toute complicit\u00e9 informe les visiteurs du Site que les pr\u00e9sentes conditions peuvent \u00eatre modifi\u00e9es \u00e0 tout moment.<br \/>\nCes modifications sont publi\u00e9es par leur mise en ligne et sont r\u00e9put\u00e9es accept\u00e9es sans r\u00e9serve par tout visiteur qui<br \/>\nacc\u00e8de post\u00e9rieurement \u00e0 leur mise en ligne.<\/p>\n<p>Il appartient donc \u00e0 tout visiteur avant de naviguer sur le Site de lire attentivement ces conditions.<\/p>\n<p>Les pr\u00e9sentes conditions sont r\u00e9gies par le droit fran\u00e7ais. Les juridictions fran\u00e7aises sont territorialement comp\u00e9tentes<br \/>\npour conna\u00eetre tout litige aff\u00e9rent \u00e0 l\u2019utilisation du Site.<\/p>\n<p>Copyright : Emilie Verplancke, entreprise En toute complicit\u00e9.<\/p>\n","protected":false},"excerpt":{"rendered":"<p>Conditions g\u00e9n\u00e9rales d&rsquo;utilisation L\u2019acc\u00e8s au site ainsi que l\u2019utilisation de son contenu sont soumis aux conditions d\u2019utilisation d\u00e9crites ci-apr\u00e8s : Le fait d\u2019acc\u00e9der et de naviguer sur le Site constitue de la part du visiteur une acceptation sans r\u00e9serve des stipulations suivantes : Le Site est la propri\u00e9t\u00e9 exclusive de l\u2019entreprise En toute complicit\u00e9 . [&hellip;]<\/p>\n","protected":false},"author":1,"featured_media":0,"parent":0,"menu_order":0,"comment_status":"closed","ping_status":"closed","template":"","meta":[],"_links":{"self":[{"href":"https:\/\/www.entoutecomplicite.fr\/index.php?rest_route=\/wp\/v2\/pages\/56"}],"collection":[{"href":"https:\/\/www.entoutecomplicite.fr\/index.php?rest_route=\/wp\/v2\/pages"}],"about":[{"href":"https:\/\/www.entoutecomplicite.fr\/index.php?rest_route=\/wp\/v2\/types\/page"}],"author":[{"embeddable":true,"href":"https:\/\/www.entoutecomplicite.fr\/index.php?rest_route=\/wp\/v2\/users\/1"}],"replies":[{"embeddable":true,"href":"https:\/\/www.entoutecomplicite.fr\/index.php?rest_route=%2Fwp%2Fv2%2Fcomments&post=56"}],"version-history":[{"count":9,"href":"https:\/\/www.entoutecomplicite.fr\/index.php?rest_route=\/wp\/v2\/pages\/56\/revisions"}],"predecessor-version":[{"id":1445,"href":"https:\/\/www.entoutecomplicite.fr\/index.php?rest_route=\/wp\/v2\/pages\/56\/revisions\/1445"}],"wp:attachment":[{"href":"https:\/\/www.entoutecomplicite.fr\/index.php?rest_route=%2Fwp%2Fv2%2Fmedia&parent=56"}],"curies":[{"name":"wp","href":"https:\/\/api.w.org\/{rel}","templated":true}]}}