{"id":627,"date":"2014-10-07T15:51:47","date_gmt":"2014-10-07T14:51:47","guid":{"rendered":"https:\/\/www.entoutecomplicite.fr\/?page_id=627"},"modified":"2014-10-20T10:16:50","modified_gmt":"2014-10-20T09:16:50","slug":"portrait-enfant-adulte","status":"publish","type":"page","link":"https:\/\/www.entoutecomplicite.fr\/?page_id=627","title":{"rendered":"Portrait Enfant \/ Adulte"},"content":{"rendered":"<div class=\"prestation\">\n<div>\n<h1>S\u00e9ance photo de Portrait<\/h1>\n<div class=\"demi full-tab\">\n<p><span style=\"color: #b27a7a;\">S\u00e9ance photo r\u00e9alis\u00e9e sur le lieu de votre choix,<br \/>\nen ext\u00e9rieur ou en int\u00e9rieur, \u00e0 domicile avec effet studio.<\/span><\/p>\n<ul>\n<li>Dur\u00e9e 1h00 pour 1 \u00e0 3 personnes<\/li>\n<li>70 \u00e0 90 prises de vue<\/li>\n<\/ul>\n<p><strong>Options<\/strong><\/p>\n<ul>\n<li>Coffret cadeau<\/li>\n<li>DVD des photos<\/li>\n<li>Nombreux supports au choix : Livres et albums photo, tirage sur toile, plexi ou plaque alu.<\/li>\n<\/ul>\n<\/div>\n<div class=\"demi full-tab support\">\n<p><strong>Supports inclus avec la prestation<\/strong><\/p>\n<ul>\n<li>10 Tirages 13&#215;19<\/li>\n<li>1 agrandissement 20&#215;30<\/li>\n<li>Et le d\u00e9placement jusque 30 km autour de Lille inclus<\/li>\n<\/ul>\n<\/div>\n<div class=\"full footer\">\n<div><img loading=\"lazy\" class=\"alignnone wp-image-628 size-full\" src=\"https:\/\/www.entoutecomplicite.fr\/wp-content\/uploads\/2014\/10\/PORTRAIT.jpg\" alt=\"\" width=\"327\" height=\"217\" srcset=\"https:\/\/www.entoutecomplicite.fr\/wp-content\/uploads\/2014\/10\/PORTRAIT.jpg 327w, https:\/\/www.entoutecomplicite.fr\/wp-content\/uploads\/2014\/10\/PORTRAIT-300x199.jpg 300w\" sizes=\"(max-width: 327px) 100vw, 327px\" \/><\/div>\n<div><a title=\"Contact\" href=\"https:\/\/www.entoutecomplicite.fr\/?page_id=44\"><img loading=\"lazy\" class=\"alignnone wp-image-453 size-full\" src=\"https:\/\/www.entoutecomplicite.fr\/wp-content\/uploads\/2014\/09\/prestation_contact.jpg\" alt=\"\" width=\"237\" height=\"217\" \/><\/a><\/div>\n<div><span class=\"su-lightbox\" data-mfp-src=\"#video-portrait\" data-mfp-type=\"inline\" data-mobile=\"yes\"><img loading=\"lazy\" class=\"alignnone size-full wp-image-809\" src=\"https:\/\/www.entoutecomplicite.fr\/wp-content\/uploads\/2014\/10\/video_portrait.jpg\" alt=\"video_portrait\" width=\"327\" height=\"217\" srcset=\"https:\/\/www.entoutecomplicite.fr\/wp-content\/uploads\/2014\/10\/video_portrait.jpg 327w, https:\/\/www.entoutecomplicite.fr\/wp-content\/uploads\/2014\/10\/video_portrait-300x199.jpg 300w\" sizes=\"(max-width: 327px) 100vw, 327px\" \/><\/span><\/div>\n<\/div>\n<\/div>\n<\/div>\n<div class=\"autres\">\n<h2>Les autres forfaits :<\/h2>\n<ul>\n<li>\n<div>\n<h3>Anniversaire et EVJF<\/h3>\n<p><a title=\"Autres prestations\" href=\"https:\/\/www.entoutecomplicite.fr\/?page_id=637\"><span style=\"display: block;\">D\u00e9couvrir<\/span><\/a><\/p>\n<\/div>\n<\/li>\n<li>\n<div>\n<h3>Portrait de Groupe<\/h3>\n<p><a title=\"Portrait de groupe\" href=\"https:\/\/www.entoutecomplicite.fr\/?page_id=630\"><span style=\"display: block;\">D\u00e9couvrir<\/span><\/a><\/p>\n<\/div>\n<\/li>\n<li>\n<div>\n<h3>Bapt\u00eame et Communion<\/h3>\n<p><a title=\"Autres prestations\" href=\"https:\/\/www.entoutecomplicite.fr\/?page_id=633\"><span style=\"display: block;\">D\u00e9couvrir<\/span><\/a><\/p>\n<\/div>\n<\/li>\n<\/ul>\n<\/div>\n","protected":false},"excerpt":{"rendered":"<p>S\u00e9ance photo de Portrait S\u00e9ance photo r\u00e9alis\u00e9e sur le lieu de votre choix, en ext\u00e9rieur ou en int\u00e9rieur, \u00e0 domicile avec effet studio. Dur\u00e9e 1h00 pour 1 \u00e0 3 personnes 70 \u00e0 90 prises de vue Options Coffret cadeau DVD des photos Nombreux supports au choix : Livres et albums photo, tirage sur toile, plexi [&hellip;]<\/p>\n","protected":false},"author":1,"featured_media":0,"parent":414,"menu_order":0,"comment_status":"closed","ping_status":"closed","template":"","meta":[],"_links":{"self":[{"href":"https:\/\/www.entoutecomplicite.fr\/index.php?rest_route=\/wp\/v2\/pages\/627"}],"collection":[{"href":"https:\/\/www.entoutecomplicite.fr\/index.php?rest_route=\/wp\/v2\/pages"}],"about":[{"href":"https:\/\/www.entoutecomplicite.fr\/index.php?rest_route=\/wp\/v2\/types\/page"}],"author":[{"embeddable":true,"href":"https:\/\/www.entoutecomplicite.fr\/index.php?rest_route=\/wp\/v2\/users\/1"}],"replies":[{"embeddable":true,"href":"https:\/\/www.entoutecomplicite.fr\/index.php?rest_route=%2Fwp%2Fv2%2Fcomments&post=627"}],"version-history":[{"count":10,"href":"https:\/\/www.entoutecomplicite.fr\/index.php?rest_route=\/wp\/v2\/pages\/627\/revisions"}],"predecessor-version":[{"id":844,"href":"https:\/\/www.entoutecomplicite.fr\/index.php?rest_route=\/wp\/v2\/pages\/627\/revisions\/844"}],"up":[{"embeddable":true,"href":"https:\/\/www.entoutecomplicite.fr\/index.php?rest_route=\/wp\/v2\/pages\/414"}],"wp:attachment":[{"href":"https:\/\/www.entoutecomplicite.fr\/index.php?rest_route=%2Fwp%2Fv2%2Fmedia&parent=627"}],"curies":[{"name":"wp","href":"https:\/\/api.w.org\/{rel}","templated":true}]}}