{"id":633,"date":"2014-10-07T15:57:53","date_gmt":"2014-10-07T14:57:53","guid":{"rendered":"https:\/\/www.entoutecomplicite.fr\/?page_id=633"},"modified":"2014-10-20T10:16:57","modified_gmt":"2014-10-20T09:16:57","slug":"bapteme-et-communion","status":"publish","type":"page","link":"https:\/\/www.entoutecomplicite.fr\/?page_id=633","title":{"rendered":"Bapt\u00eame et Communion"},"content":{"rendered":"<div class=\"prestation\">\n<div>\n<h1>Reportage photo de Bapt\u00eame et de Communion<\/h1>\n<div class=\"demi full-tab\">\n<p><span style=\"color: #b27a7a;\">Je r\u00e9alise des clich\u00e9s en mode reportage pour votre \u00e9v\u00e8nement civil ou religieux. <\/span><\/p>\n<p><strong>Le nombre de prise de vue est illimit\u00e9.<\/strong><\/p>\n<ul>\n<li>C\u00e9r\u00e9monie seule<\/li>\n<li>ou C\u00e9r\u00e9monie + photos de famille 30 min<\/li>\n<li>ou C\u00e9r\u00e9monie + photos de famille 30 min + cocktail 1h00<\/li>\n<\/ul>\n<p><strong>Options<\/strong><\/p>\n<ul>\n<li>DVD des photos<\/li>\n<li>Nombreux supports au choix : Livres et albums photo, tirage sur toile, plexi ou plaque alu.<\/li>\n<li>Cr\u00e9ation de votre faire-part sur mesure<\/li>\n<\/ul>\n<\/div>\n<div class=\"demi full-tab support\">\n<p><strong>Supports inclus avec la prestation<\/strong><\/p>\n<ul>\n<li>20 Tirages 13&#215;19<\/li>\n<li>4 agrandissement 20&#215;30<\/li>\n<li>Et le d\u00e9placement jusque 30 km autour de Lille inclus<\/li>\n<\/ul>\n<\/div>\n<div class=\"full footer\">\n<div><img loading=\"lazy\" class=\"alignnone wp-image-634 size-full\" src=\"https:\/\/www.entoutecomplicite.fr\/wp-content\/uploads\/2014\/10\/BAPTEMES-ET-COMMUNIONS.jpg\" alt=\"\" width=\"327\" height=\"217\" srcset=\"https:\/\/www.entoutecomplicite.fr\/wp-content\/uploads\/2014\/10\/BAPTEMES-ET-COMMUNIONS.jpg 327w, https:\/\/www.entoutecomplicite.fr\/wp-content\/uploads\/2014\/10\/BAPTEMES-ET-COMMUNIONS-300x199.jpg 300w\" sizes=\"(max-width: 327px) 100vw, 327px\" \/><\/div>\n<div><a title=\"Contact\" href=\"https:\/\/www.entoutecomplicite.fr\/?page_id=44\"><img loading=\"lazy\" class=\"alignnone wp-image-453 size-full\" src=\"https:\/\/www.entoutecomplicite.fr\/wp-content\/uploads\/2014\/09\/prestation_contact.jpg\" alt=\"\" width=\"237\" height=\"217\" \/><\/a><\/div>\n<div><span class=\"su-lightbox\" data-mfp-src=\"#video-portrait\" data-mfp-type=\"inline\" data-mobile=\"yes\"><img loading=\"lazy\" class=\"alignnone size-full wp-image-809\" src=\"https:\/\/www.entoutecomplicite.fr\/wp-content\/uploads\/2014\/10\/video_portrait.jpg\" alt=\"video_portrait\" width=\"327\" height=\"217\" srcset=\"https:\/\/www.entoutecomplicite.fr\/wp-content\/uploads\/2014\/10\/video_portrait.jpg 327w, https:\/\/www.entoutecomplicite.fr\/wp-content\/uploads\/2014\/10\/video_portrait-300x199.jpg 300w\" sizes=\"(max-width: 327px) 100vw, 327px\" \/><\/span><\/div>\n<\/div>\n<\/div>\n<\/div>\n<div class=\"autres\">\n<h2>Les autres forfaits :<\/h2>\n<ul>\n<li>\n<div>\n<h3>Portrait Enfant \/ Adulte<\/h3>\n<p><a title=\"Portrait Enfant \/ Adulte\" href=\"https:\/\/www.entoutecomplicite.fr\/?page_id=627\"><span style=\"display: block;\">D\u00e9couvrir<\/span><\/a><\/p>\n<\/div>\n<\/li>\n<li>\n<div>\n<h3>Portrait de Groupe<\/h3>\n<p><a title=\"Portrait de groupe\" href=\"https:\/\/www.entoutecomplicite.fr\/?page_id=630\"><span style=\"display: block;\">D\u00e9couvrir<\/span><\/a><\/p>\n<\/div>\n<\/li>\n<li>\n<div>\n<h3>Anniversaire et EVJF<\/h3>\n<p><a title=\"Autres prestations\" href=\"https:\/\/www.entoutecomplicite.fr\/?page_id=637\"><span style=\"display: block;\">D\u00e9couvrir<\/span><\/a><\/p>\n<\/div>\n<\/li>\n<\/ul>\n<\/div>\n","protected":false},"excerpt":{"rendered":"<p>Reportage photo de Bapt\u00eame et de Communion Je r\u00e9alise des clich\u00e9s en mode reportage pour votre \u00e9v\u00e8nement civil ou religieux. Le nombre de prise de vue est illimit\u00e9. C\u00e9r\u00e9monie seule ou C\u00e9r\u00e9monie + photos de famille 30 min ou C\u00e9r\u00e9monie + photos de famille 30 min + cocktail 1h00 Options DVD des photos Nombreux supports [&hellip;]<\/p>\n","protected":false},"author":1,"featured_media":0,"parent":414,"menu_order":0,"comment_status":"closed","ping_status":"closed","template":"","meta":[],"_links":{"self":[{"href":"https:\/\/www.entoutecomplicite.fr\/index.php?rest_route=\/wp\/v2\/pages\/633"}],"collection":[{"href":"https:\/\/www.entoutecomplicite.fr\/index.php?rest_route=\/wp\/v2\/pages"}],"about":[{"href":"https:\/\/www.entoutecomplicite.fr\/index.php?rest_route=\/wp\/v2\/types\/page"}],"author":[{"embeddable":true,"href":"https:\/\/www.entoutecomplicite.fr\/index.php?rest_route=\/wp\/v2\/users\/1"}],"replies":[{"embeddable":true,"href":"https:\/\/www.entoutecomplicite.fr\/index.php?rest_route=%2Fwp%2Fv2%2Fcomments&post=633"}],"version-history":[{"count":10,"href":"https:\/\/www.entoutecomplicite.fr\/index.php?rest_route=\/wp\/v2\/pages\/633\/revisions"}],"predecessor-version":[{"id":846,"href":"https:\/\/www.entoutecomplicite.fr\/index.php?rest_route=\/wp\/v2\/pages\/633\/revisions\/846"}],"up":[{"embeddable":true,"href":"https:\/\/www.entoutecomplicite.fr\/index.php?rest_route=\/wp\/v2\/pages\/414"}],"wp:attachment":[{"href":"https:\/\/www.entoutecomplicite.fr\/index.php?rest_route=%2Fwp%2Fv2%2Fmedia&parent=633"}],"curies":[{"name":"wp","href":"https:\/\/api.w.org\/{rel}","templated":true}]}}